 factor of q and 144.
18
Suppose -4*i + 2 - 19 = -5*k, -4*k + 26 = 3*i. Suppose i*g - 1 = 3. Let a = -1043 - -1044. Calculate the greatest common divisor of g and a.
1
Let m(y) = 1 - 5 + 4 + 3*y**2 - 1 - 2*y. Let s be m(-1). What is the highest common factor of s and 12?
4
Let r(t) = t**3 + 6*t**2 - t + 1. Let o be r(-6). Suppose 6 = 3*g - 3. Let h be 51 + (3 - 8) + g. What is the highest common divisor of h and o?
7
Suppose -41 = -z - 3*z - 5*c, 25 = 5*c. Let x be z/(5/(5/2)). Let n be ((-12)/x)/(-3) + 88. Calculate the greatest common factor of n and 9.
9
Let u(p) = p**3 + 4*p**2 - 6*p + 2. Let r be u(-5). Let w(g) = -g**2 + 10*g - 5. Let k be w(7). Let j = k - 9. What is the greatest common factor of j and r?
7
Suppose 0*o - x = -3*o + 89, 2*o = 5*x + 55. What is the highest common factor of o and 15?
15
Let z = -82 - -92. What is the greatest common divisor of 10 and z?
10
Let b be (5 - (17 - 4))*(0 - 1). Let g(n) = -n**3 - 4*n**2 - 3*n - 4. Suppose d = 3*d + 8. Let l be g(d). What is the highest common divisor of b and l?
8
Let r = -1 + 9. Let s = -10 + 50. What is the highest common divisor of s and r?
8
Suppose 4*j - 3*g - 44 = 0, 5*g - 65 = -4*j - 21. Let l = 18 - 6. Let n = l - j. What is the highest common divisor of 2 and n?
1
Let d be 2/((-4)/(-3)*(-15)/(-30)). Calculate the highest common factor of 1 and d.
1
Suppose 4*a + 5*b - 102 = 3*b, -99 = -4*a - b. Calculate the greatest common divisor of 48 and a.
24
Let j be ((-336)/(-18))/((-4)/(-6)). Let s = 499 - 275. What is the greatest common divisor of s and j?
28
Let k = -31 - -35. Calculate the highest common divisor of k and 10.
2
Let l be (0 - (2 - -1)) + 57 + -5. Calculate the greatest common divisor of l and 7.
7
Suppose 10 + 6 = a. What is the highest common divisor of a and 2?
2
Suppose -v + 4*d = -3*v - 16, 4*d = -12. Let k be 73/v*-2 + -1. Let u be (1 - 6/3)*-9. Calculate the highest common factor of k and u.
9
Let q = -4 - -15. Suppose r = -q + 67. What is the highest common divisor of 7 and r?
7
Suppose -2*c + 4*h - 14 = -0*h, 2*c + 9 = 3*h. What is the highest common divisor of c and 69?
3
Let n be (0 + 1)/(1/137). Let p = n + -67. Calculate the greatest common divisor of p and 14.
14
Suppose -f = -2*s + 2 - 0, f = s. Let g be s/2 - (3 + -5). Suppose -2*d = 4*c - 5*d - 21, -4*c - g*d = -27. What is the highest common divisor of 54 and c?
6
Let u(w) = w**3 + 3*w**2 - w - 2. Let l be u(-2). Suppose q + m = 2*q - 74, -12 = 3*m. Suppose -l*i - q = -9*i. What is the greatest common divisor of 21 and i?
7
Suppose -3*o + 12 = 5*x + 636, 0 = -4*o + x - 809. Suppose 54 = -p - 74. Let h = p - o. Calculate the greatest common divisor of 15 and h.
15
Let m be (-2)/6*-13*30. Let h be 3/18 + m/12. Suppose 2 + 3 = 5*p. Calculate the greatest common factor of h and p.
1
Let m = 21 + -6. Suppose 146 = 3*g - 508. Let b = -113 + g. What is the highest common divisor of b and m?
15
Let o = -1 - -397. What is the highest common factor of o and 36?
36
Let k be 79*2 + 2 + -2. Let g = k + -92. Calculate the highest common divisor of g and 6.
6
Suppose -r = 5*m - 457, 0 = r + 3 - 5. Calculate the greatest common divisor of 26 and m.
13
Let x be ((-600)/(-18))/(1/3). What is the greatest common factor of 25 and x?
25
Let y be (0 - 1) + 1 - -5. Let x be y/(0 + 2 + -1). Suppose 4*g - 2 = 4*j - 5*j, 4 = 2*j - x*g. Calculate the greatest common factor of 18 and j.
2
Suppose x = -3*s - 15, 2*x + 95 = -x + s. Let a be x/2*1/(-1). Let d = -1 + a. What is the greatest common divisor of 2 and d?
2
Let a be 5 + -1 + 2 + -2. Suppose 3*x + 60 = 9*x. Calculate the highest common divisor of x and a.
2
Let b(l) = -4 - 2*l - 3*l**3 - l**2 + 3*l + 2*l. Let f be b(-3). Suppose 4*u - 45 - f = 0. What is the highest common divisor of 39 and u?
13
Let x(n) = 18*n - 3. Let l be x(3). Calculate the highest common factor of l and 17.
17
Let o = 69 - 121. Let a = -20 - o. Let y be a - 2 - (1 + -4). Calculate the highest common factor of 3 and y.
3
Let h = -5 - -29. Suppose -3*k + h = -0*k. What is the greatest common divisor of k and 1?
1
Suppose 3*o - 162 = -5*a, 2*o = -2*o - a + 216. What is the greatest common factor of o and 216?
54
Suppose 4*f + f = 35. Calculate the greatest common factor of f and 1.
1
Let v be (-321)/(-2) - (-2)/(-4). Calculate the greatest common factor of v and 64.
32
Suppose 2*l + 12 = 4*k, 4*l - 3 = -5*k - 1. Let n be k/(-4)*0 - -38. What is the greatest common factor of 57 and n?
19
Let b be (-30)/(-4*4/96). Calculate the greatest common factor of 36 and b.
36
Let p = -4 + 8. Suppose p*x + 4*w - 750 = 2*w, x + w - 188 = 0. What is the highest common factor of 17 and x?
17
Suppose -9*q - 10 = -10*q. Calculate the greatest common divisor of q and 25.
5
Let h(l) = l - 1. Let p be h(1). Suppose p = 3*k - 22 - 68. Calculate the greatest common divisor of k and 15.
15
Let d be (-3)/((-6)/8) + 16. What is the greatest common divisor of 50 and d?
10
Let f = -63 - -72. What is the highest common factor of f and 18?
9
Let m(v) = -243*v**3 + 2*v**2 + v. Let u be m(-1). Let p = -127 + u. What is the highest common factor of p and 13?
13
Let i(p) = -3*p - 2. Let m be i(-4). Calculate the highest common divisor of m and 50.
10
Let i(s) = 2*s + 19. Let a be i(-8). What is the greatest common factor of a and 33?
3
Suppose 0 = -v - 3*s + 111, v - 32 = 3*s + 55. What is the highest common divisor of v and 11?
11
Let m be 6 - 4 - (-24 + 1). Suppose -y = 5 - m. What is the greatest common divisor of 30 and y?
10
Let g(m) = -m**2 - 9*m + 1. Suppose -5*b + b = 20. Let d be g(b). Calculate the highest common factor of 63 and d.
21
Suppose -3*m = 2*r - 58, 89 = 4*m + 4*r + r. Calculate the greatest common divisor of m and 40.
8
Let g(m) = 2*m**3 + m**2 - 2*m. Let u be -17 - -3*6/9. Let h be (-27)/u - (-2)/10. Let y be g(h). Calculate the highest common factor of y and 16.
16
Suppose s = 5*s. Let j = s + 1. Calculate the highest common factor of j and 8.
1
Let m be 28/6 - 2/3. Let q = 76 - m. What is the highest common divisor of 8 and q?
8
Suppose -2*g - 3*p - 29 = -0*g, 4*p = -12. Let y = g + 14. Let j be (15/(-2))/((-3)/y). What is the highest common factor of j and 10?
10
Suppose -2*n = 5*g - 302, 3*g = g - 5*n + 125. Calculate the greatest common divisor of g and 12.
12
Suppose -d + 12 = 4*d + 2*i, -i + 5 = 2*d. What is the highest common factor of 16 and d?
2
Let k(g) = g**3 + 3*g**2 - 2*g - 2. Let o be k(-3). Calculate the greatest common divisor of 10 and o.
2
Suppose 109 = 3*t + o - 1, -t + 5*o + 10 = 0. Suppose 5 = 5*s - 10. Suppose -s*u = 7 - 22. What is the highest common divisor of t and u?
5
Let n be 47/7 - (-2)/7. Suppose -4*c = 828 - 2440. Suppose c = 4*s + 151. Calculate the highest common divisor of n and s.
7
Suppose -u - 1 = -4*q - 25, -5*u - q = -57. What is the greatest common factor of u and 24?
12
Let j(s) = 31*s**2 + 3*s + 2. Let o be j(-1). What is the greatest common divisor of o and 20?
10
Let n be -3*(1 - 2) - -2. Let t be 1 + 2/(-6)*-6. Suppose n*z - z = -2*a - 4, -z = t*a - 14. Calculate the highest common factor of 30 and a.
6
Let l(m) = -2*m - 4. Let f be l(2). Let n = f - -15. Calculate the highest common factor of 7 and n.
7
Let k = -47 + 26. Let m = -12 - k. Calculate the greatest common factor of 99 and m.
9
Suppose -4*p = -2*u - 4 - 8, 0 = -3*p + 12. Suppose z = -5*m + 15, -16 = -u*z + 7*m - 3*m. Calculate the highest common factor of 110 and z.
10
Suppose 2132 = 11*p - 838. Calculate the greatest common factor of p and 30.
30
Suppose -z + 57 = 4*y, -3*y + z - 6*z = -30. What is the greatest common divisor of y and 75?
15
Suppose 3*c = f - 95, -5*f - c + 492 = c. Suppose 5*q = l + 66, 0*q - 36 = -4*q + 5*l. What is the greatest common factor of q and f?
14
Let b = -39 - -47. Calculate the highest common divisor of b and 88.
8
Let h be (-9)/(-2)*(-3 - -5). Let d = 16 - 10. What is the greatest common divisor of d and h?
3
Suppose -4*l + 20 = 4. Suppose 5*w - l*u - 119 = 0, 2*u - u = -2*w + 58. Calculate the greatest common factor of w and 18.
9
Suppose -3*n + 64 = n. Suppose -c - 1 = -n. What is the highest common factor of c and 105?
15
Let r(c) = 83*c + 14. Let a be r(2). What is the highest common divisor of a and 36?
36
Let i = 319 - 131. Let n = i + -104. What is the h